 168 and c?
21
Suppose 0*h - 162 = -3*h. Let p(o) = 6*o - 12 - 9*o**2 - 2*o + o**3 - 2*o. Let x be p(9). Calculate the highest common factor of x and h.
6
Suppose w + 2*l = 0, -2*w - 3*l = -2*l - 6. Let i = -5 - -8. Suppose v = i*v + 2, -w*q + 56 = -4*v. What is the highest common divisor of 39 and q?
13
Let q = 500 - 465. Let h(f) = -2*f**2 + f. Let o be h(1). Let x be o/(-2) + (-18)/(-4). Calculate the greatest common factor of q and x.
5
Let f(y) = y**2 + 10*y + 7. Let p be f(-9). Let b be (-17)/p + 3/6. What is the highest common factor of 9 and b?
9
Let z = -18 + 20. Let s = 0 + 14. What is the highest common factor of z and s?
2
Suppose -77*d + 75*d + 32 = 0. Suppose -2*k = 13 - 33. Suppose -12 = -2*n - o, 0 = -3*n - o + 6 + k. Calculate the highest common factor of n and d.
4
Suppose -3*s + 9 = -33. Let f = -252 + 406. What is the greatest common divisor of f and s?
14
Let l(o) = -o**3 + 7*o**2 - 5*o - 2. Let n be l(6). Suppose n = 4*a - 20. Calculate the highest common factor of a and 24.
6
Suppose -4*r + 56 + 112 = 0. Let q = 47 - 33. Calculate the highest common factor of q and r.
14
Suppose -2*h = 33 + 23. Let l = h + -7. Let u = l + 49. Calculate the greatest common factor of 14 and u.
14
Let h be 32 + 4/(-4) + -3. What is the greatest common divisor of 4 and h?
4
Suppose -3*u + 136 = -53. Suppose -3*j + 87 = j - m, m - 39 = -2*j. What is the greatest common divisor of u and j?
21
Suppose -m = -4*w + 2085, w + 1060 = 3*w - 4*m. Suppose 0 = -a + 6*a - w. Let y be (52/(-6))/((-4)/6). Calculate the greatest common divisor of y and a.
13
Let s(i) = i**3 - 2*i**2 - 4*i + 2. Let c be s(3). Let l = c + -8. Let o = 17 + l. What is the highest common factor of 56 and o?
8
Suppose 3*r - 63 = 57. What is the highest common divisor of 10 and r?
10
Suppose n = -2*n + 27. What is the greatest common factor of 3 and n?
3
Suppose 0 = -2*a - l + 25, -22 = 5*l + 3. Calculate the greatest common factor of 90 and a.
15
Suppose 0 = 4*h - 4*j - 208, -4*j + 45 = h + 3. Let m = h + 0. Calculate the greatest common factor of m and 10.
10
Let y be 5*6 + 1/(-1). Let u = 46 - y. Calculate the highest common divisor of u and 119.
17
Suppose 5*c = 5*n - 7 + 2, 0 = 2*n - 4*c. Suppose 6 = n*p - 0*p. Let u = p - 0. Calculate the highest common divisor of 2 and u.
1
Suppose 5*x - 7 = 23. Suppose 12 = 3*i, -2*w - 5*i - 36 = -x*w. Calculate the greatest common divisor of 70 and w.
14
Suppose -3*g + 56 = -7. Let j = -13 + g. Let r(s) = -s**3 + 7*s**2 + 11*s - 5. Let l be r(7). Calculate the highest common divisor of l and j.
8
Let x be 1/5 - (-145)/25. What is the greatest common factor of 18 and x?
6
Suppose c - 37 = 4*l + 21, 0 = -4*c + l + 202. Calculate the highest common factor of c and 10.
10
Suppose 0 = -t - 3*c - 2*c - 5, 30 = t - 2*c. Suppose -5*m = -2*a + 42 + 63, -m - 51 = -a. What is the highest common factor of a and t?
10
Let x be (3/2)/((-3)/4). Let q(z) = -z**2 - z + 1. Let l be q(x). Let o be 0/l + (-1 - -16). What is the greatest common divisor of o and 75?
15
Suppose 0 = 7*k - 3*k - 24. Suppose -3 = -3*g + k. Let t = -5 + 7. Calculate the greatest common divisor of t and g.
1
Let y = 86 + -82. Suppose -5*p + 20 = 5*w, 3*w - 10 - 2 = 2*p. Calculate the highest common divisor of w and y.
4
Let c be (2 + -5)*137/3. Let n = 257 + c. Suppose 0 = -y + 3*y - n. Calculate the greatest common divisor of y and 15.
15
Let d = 66 - 56. Calculate the greatest common divisor of 130 and d.
10
Let w be 3*(-6)/(-9) - 2. Let s be w + 5 + 5/(-5). What is the greatest common factor of 36 and s?
4
Suppose 3*s + s - 36 = 0. Let g be (2 + (-15)/9)*9. Let j = s + g. Calculate the greatest common divisor of j and 96.
12
Let v = -651 - -382. Let b = v + 379. What is the greatest common factor of 22 and b?
22
Let a be (-6)/(-21) + (-48)/21. Let z be 11*a/(4/(-2)). Calculate the greatest common factor of z and 11.
11
Suppose 37 = 2*w - 0*w + v, 4*w - 72 = -4*v. Calculate the greatest common divisor of 95 and w.
19
Suppose -10 = 4*t - 9*t. Suppose c - 8 = 4*d, -2*c - t*d - 94 = -7*c. Let i = 15 - 7. Calculate the greatest common factor of i and c.
4
Suppose 8*f = 3*f + 220. Let o(w) = -5*w - 9. Let y(j) = 2*j + 3. Let q(g) = -4*o(g) - 11*y(g). Let s be q(-4). Calculate the greatest common factor of f and s.
11
Let y be (-8)/(-6)*(-9)/(-6). Suppose -y = -c + 2. Suppose 0*d = c*h - 2*d - 80, -h = d - 26. Calculate the greatest common divisor of h and 2.
2
Let h be ((-28)/35)/(2/(-180)). Suppose -4*m = 5*b - 57, 23 = m - 0*m + 3*b. Calculate the greatest common divisor of m and h.
8
Let r = 98 - 87. Let f = -6 + 4. Let c be 100 - (1 - 2 - f). What is the highest common factor of r and c?
11
Suppose 162 = 2*g + 4*a, -4*a + 0*a = 4*g - 308. Let y be (-117)/3 - 5/(5/(-2)). Let z = g + y. What is the greatest common factor of 24 and z?
12
Suppose 0 = 2*m + c + 3*c + 78, m + 41 = -4*c. Let a = m - -53. Calculate the highest common factor of a and 8.
8
Let l(s) = -2*s + 5. Let m be l(-8). Calculate the highest common divisor of m and 231.
21
Suppose 3*d - 7 = 8. Suppose -5*l = o - 115 + 10, 5*o + d*l = 465. What is the highest common factor of o and 10?
10
Let k be (-430)/(-15) + 2/6. Calculate the greatest common divisor of 203 and k.
29
Let d be (4 - 2) + (139 - -3). Let w = d - 44. What is the highest common factor of 20 and w?
20
Suppose -2*i - 21 = -5*i - 3*x, i - 4*x = -18. Suppose -v + 5*u - 4 = 0, 38 = i*v + 3*u + 7. What is the highest common factor of v and 33?
11
Suppose 7 = n - 29. What is the greatest common divisor of 60 and n?
12
Suppose 5*q = -4*g + g + 33, 5*q = 2*g + 28. Suppose 4*h - 198 = 66. What is the greatest common divisor of h and q?
6
Let l be 209/77 - 4/(-14). Suppose -t + 6 = -17. Suppose 0 = 4*k + h - t, h + 7 = -k + 2*k. Calculate the greatest common divisor of l and k.
3
Suppose 20 + 0 = 4*u. Suppose 2*j = -0 + 6. Suppose 2*m + j = u*m. What is the highest common divisor of 7 and m?
1
Let w(y) = -y**3 - 9*y**2 + 9*y - 6. Let g be w(-9). Let x = g + 150. Calculate the greatest common divisor of x and 21.
21
Let r(i) = -i**3 + 7*i**2 + 3*i - 4. Let u be r(7). Let v be 4/2 + -3 + 4. Suppose 20 + 31 = v*l. Calculate the highest common factor of u and l.
17
Let d(m) = 4*m**2 + 3*m - 3. Let o be d(5). Suppose -3*w + 5*u = -33, -2*w - 2*u + 22 = -w. What is the highest common factor of o and w?
16
Let y(h) = 2*h**3 - h**2 + 3*h - 3. Let w be y(2). What is the greatest common factor of 10 and w?
5
Suppose -2*z = 3*g - 288, -6*g + 3*z = -3*g - 288. Let c be g/9*27/12. Calculate the highest common divisor of 192 and c.
24
Let y(b) = b**3 + 3*b**2 - 3*b + 1. Let j be y(2). Suppose -g = -5 - 5. What is the highest common divisor of j and g?
5
Suppose 14 = 4*l - 3*h - 7, 2*h = -l + 19. Calculate the highest common divisor of 117 and l.
9
Let h be (-654)/(-14) - 2/(-7). Suppose -4*o - 25 = -d, -2*d + h = d - 5*o. Let f = 246 + -201. What is the greatest common divisor of f and d?
9
Suppose o - 3 - 21 = 0. Calculate the greatest common divisor of 4 and o.
4
Let v be (1 - -2) + 10/5. Calculate the greatest common factor of v and 1.
1
Let c(a) = a**2 - 3*a - 3. Let x(t) = -6*t - 1. Let j be x(-1). Let z be c(j). Let d be ((-6)/5)/((-3)/70). What is the greatest common divisor of d and z?
7
Let k be -2 + (4 - -2) + -3. Let o = k - -10. Let i be (-2)/((-2)/44 + 0). Calculate the highest common divisor of i and o.
11
Let y be 234/8 - 2/8. Suppose 5*h = y + 46. Suppose 5*n - h = 5. What is the greatest common factor of 8 and n?
4
Let c be (-44)/6*-3 - 2. Let t(i) = 14*i**2 - 2*i + 4. Let l be t(4). Calculate the highest common factor of l and c.
20
Let x be (-912)/(-5) + (-10)/(-25)*-1. What is the highest common divisor of 7 and x?
7
Let x(v) = -v - 7. Let f(s) = s + 6. Let w(c) = -2*f(c) - 3*x(c). Let g be w(-7). What is the highest common factor of 6 and g?
2
Let h = 7 + 12. Let u = h + -7. Calculate the greatest common divisor of 3 and u.
3
Suppose -m - 8 = 4*w - 52, 2*w = -3*m + 102. What is the greatest common factor of m and 16?
16
Suppose 0 = 4*o + 2*x - 4*x - 74, -o + 26 = 2*x. Calculate the highest common factor of o and 220.
20
Let x = 7 - -1. Let k = x - 5. What is the greatest common divisor of 3 and k?
3
Let n = 36 + -34. Calculate the greatest common divis